omposite?
True
Is 69694693 a prime number?
False
Is 375600655 composite?
True
Is 382968227 a prime number?
False
Is 25348361873 a composite number?
True
Is 63196979077 composite?
False
Is 47692742393 composite?
True
Is 62815871 composite?
False
Is 3143561431 prime?
False
Is 35461661 a prime number?
False
Is 1138734073 prime?
True
Is 80253370297 a prime number?
True
Is 224772241 composite?
True
Is 14490402293 prime?
False
Is 4363629689 a prime number?
False
Is 226935713 prime?
False
Is 507467495 a composite number?
True
Is 2884356547 prime?
True
Is 673463491 a prime number?
False
Is 282593047 a composite number?
True
Is 685595143 a composite number?
False
Is 41113413823 a composite number?
False
Is 12439363019 a prime number?
True
Is 99737285 a prime number?
False
Is 1306626121 composite?
True
Is 2088426943 composite?
True
Is 12779914454 composite?
True
Is 123401069515 prime?
False
Is 36851310707 a composite number?
False
Is 6160182283 prime?
True
Is 4266411909 a composite number?
True
Is 191573580233 composite?
True
Is 3535443061 prime?
False
Is 29907692947 prime?
False
Is 368182021 composite?
False
Is 9667694497 a composite number?
False
Is 46140871 a composite number?
True
Is 622915613 a prime number?
True
Is 977986385 a prime number?
False
Is 214680572087 a composite number?
False
Is 1899024587 composite?
False
Is 1498850473 prime?
False
Is 412238371 composite?
True
Is 705793467 a prime number?
False
Is 14145849098 a prime number?
False
Is 610309779 prime?
False
Is 1681073309 a prime number?
False
Is 31954568431 composite?
True
Is 162841747 a composite number?
True
Is 109272701227 prime?
False
Is 1432851391 composite?
False
Is 1337621029 composite?
False
Is 3143246269 a composite number?
False
Is 133597539619 prime?
False
Is 773290421 a prime number?
True
Is 1147991903 composite?
False
Is 102282822989 composite?
False
Is 292722314 a prime number?
False
Is 9278683913 composite?
False
Is 144896018885 composite?
True
Is 3707454813 a prime number?
False
Is 514540313 composite?
True
Is 3114624061 prime?
True
Is 44946709 composite?
False
Is 4541503223 prime?
False
Is 946370251 a composite number?
True
Is 43261476501 composite?
True
Is 40469850737 prime?
True
Is 7363032667 a prime number?
False
Is 5549596487 a prime number?
False
Is 76963947859 prime?
True
Is 22913317963 composite?
False
Is 29558568989 prime?
True
Is 219201511 a prime number?
False
Is 614616269 composite?
True
Is 476057051587 a prime number?
False
Is 361040377 a composite number?
False
Is 921051037 a prime number?
True
Is 36315779953 prime?
False
Is 29603763313 composite?
False
Is 3953737471 prime?
True
Is 1022731537 a composite number?
True
Is 2340911903 a composite number?
True
Is 119653693 a prime number?
True
Is 1162091849 a prime number?
True
Is 44818447451 composite?
True
Is 220911547 a prime number?
False
Is 3645801331 a prime number?
True
Is 3492408019 prime?
False
Is 1013252153 prime?
False
Is 24303130799 a prime number?
True
Is 629960783 prime?
True
Is 4021884937 prime?
False
Is 2342182121 prime?
True
Is 3077268493 composite?
True
Is 7050739567 composite?
False
Is 14586308609 composite?
True
Is 3999971959 composite?
True
Is 2204021861 composite?
False
Is 2278024289 prime?
False
Is 991351129 composite?
True
Is 115085497237 prime?
False
Is 1378137091 a composite number?
False
Is 619921931 composite?
False
Is 12491705027 a composite number?
True
Is 18842330945 composite?
True
Is 3639511633 prime?
True
Is 4807984697 a prime number?
True
Is 628712587 a prime number?
True
Is 8844967633 composite?
True
Is 74006651 a composite number?
True
Is 540274711 a prime number?
True
Is 8881790965 a composite number?
True
Is 4802217737 composite?
False
Is 746911219 a prime number?
True
Is 15976130497 composite?
False
Is 407525647 a composite number?
False
Is 32839949 a composite number?
False
Is 102867120331 prime?
False
Is 994180787 composite?
True
Is 2085825527 prime?
True
Is 544188149 prime?
False
Is 318074747 prime?
True
Is 754870709 a prime number?
False
Is 74781962 composite?
True
Is 755120387 composite?
True
Is 2001711983 a composite number?
False
Is 5880529 composite?
False
Is 205153388457 a prime number?
False
Is 15483089953 prime?
True
Is 453693355279 prime?
True
Is 1077332097 a composite number?
True
Is 366387487 a prime number?
False
Is 195746714 a composite number?
True
Is 661621481 prime?
True
Is 16057808191 prime?
True
Is 7825437363 prime?
False
Is 14191821863 a composite number?
False
Is 16373235163 composite?
True
Is 60771647 a composite number?
True
Is 33867148193 prime?
False
Is 1581510607 a composite number?
False
Is 12455881001 a prime number?
True
Is 369695021 composite?
False
Is 77892739687 prime?
False
Is 90006717551 a prime number?
False
Is 596745151 composite?
True
Is 10228530769 composite?
True
Is 13680822101 prime?
True
Is 2567918447 composite?
True
Is 35540180843 a prime number?
True
Is 20533576523 composite?
False
Is 20406120533 composite?
False
Is 71395990811 a prime number?
False
Is 625886341 a prime number?
True
Is 72594521 prime?
False
Is 7431995479 a prime number?
False
Is 18185115569 composite?
False
Is 77993430709 a composite number?
False
Is 21732967123 prime?
False
Is 17605088297 prime?
False
Is 83862374707 composite?
False
Is 168566129861 a composite number?
True
Is 383104457 prime?
False
Is 12451885 prime?
False
Is 48544283 prime?
False
Is 19168723837 composite?
False
Is 210178277 prime?
True
Is 3998136439 prime?
False
Is 1449362669 composite?
True
Is 1252285349 prime?
False
Is 2151194081 a composite number?
False
Is 37559074153 prime?
True
Is 3747368351 a prime number?
False
Is 243411149 a composite number?
False
Is 1506593743 composite?
False
Is 23550478969 composite?
False
Is 2392342507 prime?
False
Is 879004157 a prime number?
False
Is 288722989 composite?
False
Is 32512876054 a composite number?
True
Is 752208753 prime?
False
Is 9685946471 prime?
False
Is 50776853 a prime number?
False
Is 261978559 composite?
False
Is 4882063163 prime?
False
Is 2273266553 a composite number?
False
Is 38658156479 prime?
True
Is 5427018893 prime?
True
Is 24358304807 composite?
True
Is 5883910867 prime?
True
Is 1160511493 a prime number?
True
Is 1103735 composite?
True
Is 2281269791 composite?
False
Is 1007735591 prime?
False
Is 10555115 a prime number?
False
Is 1929612023 a composite number?
True
Is 886034705 a prime number?
False
Is 7187591129 prime?
True
Is 600376661 prime?
True
Is 6459850801 a prime number?
True
Is 220018294253 a composite number?
True
Is 84968924653 a prime number?
False
Is 5688760153 a composite number?
False
Is 358881751 composite?
False
Is 91822178087 a prime number?
False
Is 56558042239 composite?
True
Is 11497402271 composite?
False
Is 58053828113 prime?
True
Is 12139851389 a prime number?
True
Is 317991781 prime?
True
Is 16377602641 composite?
True
Is 1765535477 composite?
False
Is 547120199 a prime number?
False
Is 413087611 a composite number?
True
Is 3716351299 a prime number?
False
Is 53942459 prime?
False
Is 3206149579 a prime number?
False
Is 529837127 a composite number?
False
Is 19928158687 prime?
True
Is 2151004717 a composite number?
False
Is 149334769 a prime number?
False
Is 1922450591 prime?
False
Is 2894184491 a composite number?
True
Is 8894025757 a composite number?
False
Is 3128012779 composite?
True
Is 1024491926 a prime number?
False
Is 3742003561 prime?
False
Is 51568889 prime?
False
Is 1375560579 prime?
False
Is 1090453517 a prime number?
False
Is 1063978189 composite?
True
Is 13064691007 a prime number?
True
Is 6232622989 a prime number?
True
Is 19602749671 a composite number?
False
Is 15690605633 a prime number?
False
Is 16185331871 a composite number?
False
Is 4461540101 a prime number?
True
Is 109163153653 a composite number?
False
Is 936792077 a prime number?
False
Is 13715940529 a composite number?
False
Is 38813557663 a composite number?
True
Is 5517857017 a composite number?
False
Is 24024970547 prime?
True
Is 7798244241 composite?
True
Is 15692466989 prime?
True
Is 6676089569 prime?
True
Is 508486661 prime?
True
Is 5455581133 composite?
True
Is 2147366581 a composite number?
True
Is 1031321077 composite?
True
Is 1251119323 a prime number?
True
Is 17322423583 a composite number?
True
Is 3797171965 prime